{"id":753,"date":"2018-12-13T14:28:51","date_gmt":"2018-12-13T07:28:51","guid":{"rendered":"http:\/\/cleansuivn.com\/?post_type=product&#038;p=753"},"modified":"2025-04-27T13:50:25","modified_gmt":"2025-04-27T06:50:25","slug":"loc-nuoc-cleansui-mp02-4","status":"publish","type":"product","link":"https:\/\/cleansuivn.com\/index.php\/san-pham\/loc-nuoc-cleansui-mp02-4\/","title":{"rendered":"L\u1ecdc N\u01b0\u1edbc Cleansui MP02-4"},"content":{"rendered":"<h3><strong>Thi\u1ebft b\u1ecb l\u1ecdc n\u01b0\u1edbc MP02-4 h\u00e3ng Mitsubishi Nh\u1eadt B\u1ea3n.<br \/>\n<\/strong><\/h3>\n<p><strong><u>\u01afu \u0111i\u1ec3m:<\/u><\/strong><\/p>\n<ul>\n<li>Kh\u00f4ng s\u1eed d\u1ee5ng \u0111i\u1ec7n.<\/li>\n<li>Kh\u00f4ng t\u1ed1n n\u01b0\u1edbc th\u1ea3i.<\/li>\n<li>Thi\u1ebft k\u1ebf g\u1ecdn nh\u1eb9, ti\u1ebft ki\u1ec7m kh\u00f4ng gian.<\/li>\n<li>C\u00f4ng su\u1ea5t l\u1ecdc l\u1edbn.<\/li>\n<li>L\u1eafp song song 2 thi\u1ebft b\u1ecb \u0111\u1ec3 t\u0103ng c\u00f4ng su\u1ea5t v\u00e0 t\u1ed1c \u0111\u1ed9 l\u1ecdc.<\/li>\n<li>C\u1ea5u t\u1ea1o l\u00f5i l\u1ecdc: M\u00e0ng l\u1ecdc s\u1ee3i r\u1ed7ng, Than ho\u1ea1t tinh, V\u1ea3i kh\u00f4ng d\u1ec7t.<\/li>\n<\/ul>\n<p><strong><u>Th\u00f4ng s\u1ed1 k\u1ef9 thu\u1eadt chi ti\u1ebft<\/u><\/strong>:<\/p>\n<ul>\n<li>T\u1ed1c \u0111\u1ed9 l\u1ecdc: 8 L\u00edt\/ ph\u00fat<\/li>\n<li>\u00c1p l\u1ef1c n\u01b0\u1edbc l\u00e0m vi\u1ec7c t\u1ed1i thi\u1ec3u: 0.07MPa<\/li>\n<li>\u00c1p l\u1ef1c n\u01b0\u1edbc ti\u00eau chu\u1ea9n: 0.07 ~ 0.35MPa<\/li>\n<li>Hi\u1ec7u su\u1ea5t l\u1ecdc (Ti\u00eau chu\u1ea9n Nh\u1eadt B\u1ea3n JIS S 3201): 50.000 L\u00edt. K\u1ebft n\u1ed1i 2 thi\u1ebft b\u1ecb t\u0103ng c\u00f4ng su\u1ea5t t\u1edbi 100,000 L\u00edt.<\/li>\n<li>Th\u1eddi h\u1ea1n s\u1eed d\u1ee5ng b\u1ed9 l\u1ecdc: 12 th\u00e1ng (135L\/ng\u00e0y)<\/li>\n<li>Tr\u1ecdng l\u01b0\u1ee3ng thi\u1ebft b\u1ecb ban \u0111\u1ea7u: 1.7kg<\/li>\n<li>Tr\u1ecdng l\u01b0\u1ee3ng thi\u1ebft b\u1ecb ch\u1ee9a \u0111\u1ea7y n\u01b0\u1edbc: 3.0 kg<\/li>\n<li>K\u00edch th\u01b0\u1edbc thi\u1ebft b\u1ecb (\u0110\u01b0\u1eddng k\u00ednh t\u1ed1i \u0111a x Cao): 160mm x 300mm<\/li>\n<li>K\u00edch th\u01b0\u1edbc l\u00f5i l\u1ecdc (\u0110\u01b0\u1eddng k\u00ednh x Cao): 91mm x 252mm<\/li>\n<li>M\u00e3 b\u1ed9 l\u1ecdc thay th\u1ebf sau khi s\u1eed d\u1ee5ng h\u1ebft 50.000 l\u00edt: <strong>UMC2050<\/strong><\/li>\n<li>To\u00e0n b\u1ed9 linh ki\u1ec7n \u0111\u1ec1u \u0111\u01b0\u1ee3c s\u1ea3n xu\u1ea5t t\u1ea1i Nh\u1eadt B\u1ea3n<\/li>\n<\/ul>\n<p><strong>M\u1ed9t s\u1ed1 h\u00ecnh \u1ea3nh l\u1eafp \u0111\u1eb7t thi\u1ebft b\u1ecb l\u1ecdc n\u01b0\u1edbc Cleansui MP02-4:<\/strong><\/p>\n<figure id=\"attachment_754\" aria-describedby=\"caption-attachment-754\" style=\"width: 500px\" class=\"wp-caption aligncenter\"><img loading=\"lazy\" decoding=\"async\" class=\"size-full wp-image-754\" src=\"http:\/\/cleansuivn.com\/wp-content\/uploads\/2018\/12\/MP024_hinhthucte_1-500x250.jpg\" alt=\"M\u00e1y l\u1ecdc n\u01b0\u1edbc Cleansui MP02-4\" width=\"500\" height=\"250\" srcset=\"https:\/\/cleansuivn.com\/wp-content\/uploads\/2018\/12\/MP024_hinhthucte_1-500x250.jpg 500w, https:\/\/cleansuivn.com\/wp-content\/uploads\/2018\/12\/MP024_hinhthucte_1-500x250-300x150.jpg 300w\" sizes=\"auto, (max-width: 500px) 100vw, 500px\" \/><figcaption id=\"caption-attachment-754\" class=\"wp-caption-text\">M\u00e1y l\u1ecdc n\u01b0\u1edbc Cleansui MP02-4<\/figcaption><\/figure>\n<p style=\"text-align: center;\">T\u00f9y theo \u0111\u1ec1u ki\u1ec7n v\u00e0 nhu c\u1ea7u s\u1eed d\u1ee5ng, c\u00f3 th\u1ec3 ch\u1ecdn ph\u01b0\u01a1ng th\u1ee9c l\u1eafp \u0111\u1eb7t kh\u00e1c nhau.<\/p>\n<figure id=\"attachment_755\" aria-describedby=\"caption-attachment-755\" style=\"width: 500px\" class=\"wp-caption aligncenter\"><img loading=\"lazy\" decoding=\"async\" class=\"size-full wp-image-755\" src=\"http:\/\/cleansuivn.com\/wp-content\/uploads\/2018\/12\/May-loc-nuoc-Cleansui-MP02-4-hinh-2.jpg\" alt=\"M\u00e1y l\u1ecdc n\u01b0\u1edbc Cleansui MP02-4\" width=\"500\" height=\"500\" srcset=\"https:\/\/cleansuivn.com\/wp-content\/uploads\/2018\/12\/May-loc-nuoc-Cleansui-MP02-4-hinh-2.jpg 500w, https:\/\/cleansuivn.com\/wp-content\/uploads\/2018\/12\/May-loc-nuoc-Cleansui-MP02-4-hinh-2-150x150.jpg 150w, https:\/\/cleansuivn.com\/wp-content\/uploads\/2018\/12\/May-loc-nuoc-Cleansui-MP02-4-hinh-2-300x300.jpg 300w, https:\/\/cleansuivn.com\/wp-content\/uploads\/2018\/12\/May-loc-nuoc-Cleansui-MP02-4-hinh-2-100x100.jpg 100w\" sizes=\"auto, (max-width: 500px) 100vw, 500px\" \/><figcaption id=\"caption-attachment-755\" class=\"wp-caption-text\">M\u00e1y l\u1ecdc n\u01b0\u1edbc Cleansui MP02-4<\/figcaption><\/figure>\n<p style=\"text-align: center;\">C\u00f3 th\u1ec3 l\u1eafp song song 2 thi\u1ebft b\u1ecb \u0111\u1ec3 \u0111\u1ea1t c\u00f4ng su\u1ea5t l\u1ecdc 100,000 L\u00edt.<\/p>\n<p>&nbsp;<\/p>\n<p><span style=\"color: #ed1c24;\"><strong><u>\u0110\u1eb6C BI\u1ec6T<\/u>: Kh\u00e1ch h\u00e0ng \u0111\u01b0\u1ee3c t\u1eb7ng th\u00eam 1 \u0111\u1ed3ng h\u1ed3 n\u01b0\u1edbc gi\u00fap d\u1ec5 d\u00e0ng theo d\u00f5i l\u01b0\u1ee3ng n\u01b0\u1edbc \u0111\u00e3 s\u1eed d\u1ee5ng.<\/strong><\/span><\/p>\n<p><strong>T\u00c0I LI\u1ec6U LI\u00caN QUAN:<\/strong><\/p>\n<ul>\n<li><a href=\"http:\/\/cleansuivn.com\/index.php\/2017\/07\/03\/chung-nhan-quoc-te\/\">Ch\u1ee9ng nh\u1eadn qu\u1ed1c t\u1ebf <\/a><\/li>\n<li><a href=\"http:\/\/cleansuivn.com\/wp-content\/uploads\/2018\/12\/catalog-MP02-4.pdf\">T\u1ea3i Catalog l\u1ecdc n\u01b0\u1edbc CleanSui MP02-4<\/a><\/li>\n<li><a href=\"http:\/\/cleansuivn.com\/index.php\/2018\/04\/18\/he-lo-bi-mat-cong-nghe-loc-nuoc-mitsubishi-cleansui\/\">T\u1ea1i sao n\u00ean ch\u1ecdn c\u00f4ng ngh\u1ec7 l\u1ecdc n\u01b0\u1edbc Mitsubishi CleanSui Nh\u1eadt B\u1ea3n?<\/a><\/li>\n<\/ul>\n","protected":false},"excerpt":{"rendered":"<p><strong>Thi\u1ebft b\u1ecb l\u1ecdc n\u01b0\u1edbc MP02-4 h\u00e3ng Mitsubishi Nh\u1eadt B\u1ea3n.<br \/>\n<\/strong><\/p>\n<p><strong><u>\u01afu \u0111i\u1ec3m:<\/u><\/strong><\/p>\n<ul>\n<li>Kh\u00f4ng s\u1eed d\u1ee5ng \u0111i\u1ec7n.<\/li>\n<li>Kh\u00f4ng t\u1ed1n n\u01b0\u1edbc th\u1ea3i.<\/li>\n<li>Thi\u1ebft k\u1ebf g\u1ecdn nh\u1eb9, ti\u1ebft ki\u1ec7m kh\u00f4ng gian.<\/li>\n<li>C\u00f4ng su\u1ea5t l\u1ecdc l\u1edbn.<\/li>\n<li>L\u1eafp song song 2 thi\u1ebft b\u1ecb \u0111\u1ec3 t\u0103ng c\u00f4ng su\u1ea5t v\u00e0 t\u1ed1c \u0111\u1ed9 l\u1ecdc.<\/li>\n<li>C\u1ea5u t\u1ea1o l\u00f5i l\u1ecdc: M\u00e0ng l\u1ecdc s\u1ee3i r\u1ed7ng, Than ho\u1ea1t tinh, V\u1ea3i kh\u00f4ng d\u1ec7t.<\/li>\n<\/ul>\n<p><span style=\"color: #ed1c24;\"><strong>L\u1eaeP \u0110\u1eb6T T\u1eacN N\u01a0I 64 T\u1ec8NH<\/strong><\/span><br \/>\n<span style=\"color: #ed1c24;\"><strong>T\u1eb6NG \u0110\u1ed2NG H\u1ed2 THEO D\u00d5I CH\u1ec8 S\u1ed0 N\u01af\u1edaC S\u1eec D\u1ee4NG<\/strong><\/span><br \/>\n<span style=\"color: #ed1c24;\"><strong>HOTLINE t\u01b0 v\u1ea5n: 0933 64 00 94<\/strong><\/span><\/p>\n<p>&nbsp;<\/p>\n","protected":false},"featured_media":761,"comment_status":"open","ping_status":"closed","template":"","meta":{"content-type":""},"product_brand":[],"product_cat":[18,252],"product_tag":[150,152,155,43,151,107,153,103,149,154],"class_list":{"0":"post-753","1":"product","2":"type-product","3":"status-publish","4":"has-post-thumbnail","6":"product_cat-thiet-bi-loc-nuoc","7":"product_cat-may-loc-nuoc-cleansui-lap-am-tu","8":"product_tag-cleansui-mp02-4","9":"product_tag-cleansuivietnam","10":"product_tag-gia-cleansui-mp02-4","11":"product_tag-loc-nuoc-cleansui","12":"product_tag-loc-nuoc-cleansui-mp02-4","13":"product_tag-loc-nuoc-mitsubishi","14":"product_tag-loc-nuoc-mitsubishi-cleansui-mp02-4","15":"product_tag-loc-nuoc-nhat-ban","16":"product_tag-may-loc-nuoc","17":"product_tag-may-loc-nuoc-cleansui","19":"first","20":"instock","21":"shipping-taxable","22":"purchasable","23":"product-type-simple"},"_links":{"self":[{"href":"https:\/\/cleansuivn.com\/index.php\/wp-json\/wp\/v2\/product\/753","targetHints":{"allow":["GET"]}}],"collection":[{"href":"https:\/\/cleansuivn.com\/index.php\/wp-json\/wp\/v2\/product"}],"about":[{"href":"https:\/\/cleansuivn.com\/index.php\/wp-json\/wp\/v2\/types\/product"}],"replies":[{"embeddable":true,"href":"https:\/\/cleansuivn.com\/index.php\/wp-json\/wp\/v2\/comments?post=753"}],"wp:featuredmedia":[{"embeddable":true,"href":"https:\/\/cleansuivn.com\/index.php\/wp-json\/wp\/v2\/media\/761"}],"wp:attachment":[{"href":"https:\/\/cleansuivn.com\/index.php\/wp-json\/wp\/v2\/media?parent=753"}],"wp:term":[{"taxonomy":"product_brand","embeddable":true,"href":"https:\/\/cleansuivn.com\/index.php\/wp-json\/wp\/v2\/product_brand?post=753"},{"taxonomy":"product_cat","embeddable":true,"href":"https:\/\/cleansuivn.com\/index.php\/wp-json\/wp\/v2\/product_cat?post=753"},{"taxonomy":"product_tag","embeddable":true,"href":"https:\/\/cleansuivn.com\/index.php\/wp-json\/wp\/v2\/product_tag?post=753"}],"curies":[{"name":"wp","href":"https:\/\/api.w.org\/{rel}","templated":true}]}}